s divided by 14.
11
Let h = -24 - -21. Calculate the remainder when 33 is divided by 5 - (h/3 + -3).
6
Suppose -3*y + 15 = -48. Suppose 5*o - 5*f = 35, 0 = -3*o + 5*f - 3*f + y. Calculate the remainder when o is divided by 3.
1
Suppose 2*v - v = 3, 7 = -o + 4*v. Suppose 22 = x + o*i, 0*i = 3*x - 2*i + 2. Calculate the remainder when x is divided by 1.
0
Let i = 111 - 51. Suppose -r = -4*r + i. Calculate the remainder when 58 is divided by r.
18
Let w be 132 - (4 + -3 - -1). Let m = w - 77. What is the remainder when m is divided by 14?
11
Suppose 7*r - 5*c - 150 = 2*r, 3*r - c = 88. Let i = -7 + 12. Suppose -3*a - 20 = -i*a. Calculate the remainder when r is divided by a.
9
Let x be (-136)/(-22) - 2/11. What is the remainder when ((-1212)/x)/(-1*2) is divided by 26?
23
Suppose n + 4 - 6 = 0. Suppose -a - 3*a + 1 = -5*q, 16 = a + 4*q. Let y(x) = -x**3 + 3*x**2 + 7*x - 6. Calculate the remainder when y(a) is divided by n.
0
Suppose 4*f - 3*u - 175 = -4*u, 174 = 4*f + 2*u. Calculate the remainder when 131 is divided by f.
43
Suppose -5*f + f + 36 = 0. Let o = -7 + 10. Suppose 0 = -o*i + 3*z + 75, -z = -6*i + i + 121. Calculate the remainder when i is divided by f.
6
Let d = -17 - -50. What is the remainder when 97 is divided by d?
31
Suppose 0*i = 5*i - 10. Suppose -i*c = -c - 4*t + 1, 3*t + 12 = 5*c. Calculate the remainder when 9 is divided by c.
0
Suppose 0 = -3*x - 2*o + 65, 15*x - 14*x - 3*o = 18. Suppose 2*h + h - 5*d = 61, -4*h + 73 = -5*d. Calculate the remainder when x is divided by h.
9
Let l(t) = t**3 - 11*t**2 + 13*t - 22. Let v(z) = -15*z + 1. What is the remainder when v(-2) is divided by l(10)?
7
Let s(r) = 2*r**2 - r - 1. Let c be s(2). Suppose 4*d - 3 = -3*x + 20, c*x - 5 = 0. Calculate the remainder when 14 is divided by d.
4
Let b = -24 + 95. Calculate the remainder when b is divided by (0 + -24)*(1 + -2).
23
Let n(r) = -21*r**3 - 2*r - 1. Let m(d) = 13*d - 1. What is the remainder when n(-1) is divided by m(1)?
10
Let i(x) = x. Let h(n) = 6*n + 15. Let g(k) = -h(k) + 4*i(k). What is the remainder when g(-15) is divided by 8?
7
Let x be (1 + 2)/(1/4). Suppose 0 = -3*k - k - 24. Calculate the remainder when 556/x + (-4)/k is divided by 16.
15
What is the remainder when 3 is divided by (-14 + 13)*-1*1?
0
Let n(x) = -x**3 - 5*x**2 - 7*x - 14. Calculate the remainder when 82 is divided by n(-5).
19
Let g(l) = -l**3 - 5*l**2 - 7*l - 5. Let o be g(-4). Suppose -o*y + 26 = -5*y. What is the remainder when y is divided by 5?
3
Suppose 4*h + 9 = -l, 0 = l - 3*h - h - 7. Let o(c) = -8*c**3 - c**2 + 1. What is the remainder when 30 is divided by o(l)?
6
Suppose k = 4*c - 13, -4*k = 2*c + k - 1. Calculate the remainder when c is divided by 1.
0
Let n(z) = 97*z + 1. Let u be n(1). Suppose x + u + 122 = 5*j, -4*j + x = -177. Calculate the remainder when j is divided by 15.
13
Let p be -3*(-1 + 0)*1. Let k = 8 - p. Let w(v) = 3*v + 20. Calculate the remainder when k is divided by w(-6).
1
Let y(c) = -c**3 - 10*c**2 + 5*c + 11. Let d be y(-10). Calculate the remainder when (-1 + 0)/(13/d) is divided by 2.
1
Let d(f) = -1. Let k(v) = -7*v + 11. Let b(x) = -2*d(x) - k(x). Let a be b(7). Suppose -16 = -4*h + a. Calculate the remainder when 41 is divided by h.
13
Suppose 0 = 5*r + 2*j - 42, 0 = 3*r - j + 5*j - 28. Calculate the remainder when 10 is divided by r.
2
Let y(w) = -w**3 - 2*w. Calculate the remainder when y(-2) is divided by 5.
2
Let j = -13 + 16. Calculate the remainder when 10 is divided by j.
1
Let i(z) = -8*z - 8. Let j be (-3)/3*(-1 - -6). What is the remainder when i(j) is divided by 17?
15
Let a(u) = u**2 + 2*u - 9. Calculate the remainder when a(-7) is divided by 7.
5
Let c = -12 - -4. Let r = -5 - c. Suppose r*y + 2*t = -0*t + 60, 2*y = 3*t + 40. What is the remainder when y is divided by 7?
6
Let f = 41 + -8. Calculate the remainder when (-1 - -34)*(-2)/(-2) is divided by (-1 - f)*4/(-8).
16
Let a = -13 + 7. Let b be (0 + 1)*(22 - -3). Let v = b + a. Calculate the remainder when 36 is divided by v.
17
Let m(g) = g**2 + 3*g + 5. Let a be m(-4). Calculate the remainder when (3/(-1))/(a/(-6)) is divided by 2.
0
Let x = -9 - -15. Calculate the remainder when 16 is divided by x.
4
Let g(n) = -3*n**2 + 63*n - 40. What is the remainder when 96 is divided by g(20)?
16
What is the remainder when 41 is divided by 8/3*33/4?
19
What is the remainder when (-27)/(-2) + 12/(-8) is divided by 5?
2
Suppose -6*r + 53 = -31. Let s(l) = -l**3 + 7*l**2 + l - 2. Calculate the remainder when s(6) is divided by r.
12
What is the remainder when 1/(4/44) - 1 is divided by 4*(-12)/32*-2?
1
Let y = 0 - -11. What is the remainder when 57*(2 - (-10)/(-6)) is divided by y?
8
Suppose -4*q + s = -4*s - 304, 0 = -2*q - s + 152. What is the remainder when q is divided by 20?
16
Calculate the remainder when 15 is divided by 4/(-6) + 261/27.
6
Suppose -a + 49 = 4*q + 2*a, -53 = -5*q - a. Calculate the remainder when q is divided by 4.
2
Suppose 2*x = -4*b + 12 - 4, 0 = -2*x + 3*b + 36. What is the remainder when 47 is divided by x?
11
Let v(q) be the first derivative of -3*q**2 + 8*q + 2. Let p(w) = -3*w + 65. Calculate the remainder when v(-7) is divided by p(16).
16
Suppose -4*b + 40 = -0*b. Calculate the remainder when 23 is divided by (-8)/b*(0 - 15).
11
Suppose 12 = 6*b - 12. Calculate the remainder when b is divided by 3.
1
Let j be 1 + -1 + (1 - 0). Suppose b + j + 8 = -3*t, -t = 4. Calculate the remainder when 1/(10/(-4))*-20 is divided by b.
2
Calculate the remainder when 8/(-4)*2471/(-14) is divided by 59.
58
Suppose -31 - 157 = -2*d. What is the remainder when d is divided by 25?
19
Suppose 4*g = -2*z + 20, 3*g - 8 = -5*z + 7. Suppose 0 = t, 0*m - 5*m + 5*t = -55. Calculate the remainder when (-1)/(-2)*z + 20 is divided by m.
9
Suppose -46*q + 42*q + 228 = 0. What is the remainder when q is divided by 29?
28
Suppose -2*q + 2 = -2. Let c be 2 + q + 2 + -3. Suppose 0 = 5*y - 18 + c. What is the remainder when y is divided by 2?
1
Let k(s) = -s**2 + 5*s + 7. Suppose 0 = -h + 5 - 0. Calculate the remainder when 9 + 8 + (2 - -1) is divided by k(h).
6
Let y = 176 + -133. What is the remainder when y is divided by 28?
15
Suppose 2 = 3*q - 4. Let x(z) = -z**2 + 2*z + z**2 + z**2 - 3. Calculate the remainder when 13 is divided by x(q).
3
Suppose -6*m + 10 = -m. Let z(p) = 3*p**2 - 1. What is the remainder when m is divided by z(1)?
0
Let d be (-2)/((-6)/33) - -3. Suppose -z - q + d = -0*z, z - 26 = 2*q. Suppose 5*c + 12 - 182 = 0. Calculate the remainder when c is divided by z.
16
Suppose -13 + 3 = -2*w. Calculate the remainder when w is divided by 3.
2
Let w(r) = 16*r - 4. Let s be w(-9). Suppose -52 = -4*m - 0*m. Calculate the remainder when 1/(144/s - -1) is divided by m.
11
Let y be (-9)/3 + (-5 - 4). What is the remainder when 102 is divided by y/4 - (0 + -24)?
18
Suppose 0 = 28*z - 24*z - 80. Let p = z - -31. Calculate the remainder when p is divided by 13.
12
Let o(j) = j**2 - 8 + j + 4 + 0*j**2. Let n be o(-5). Suppose l - n = -5. Calculate the remainder when 19 is divided by l.
8
Let h be 1 + -1 - (-30)/6. Suppose -h*q = -4 - 1. What is the remainder when q is divided by 1?
0
What is the remainder when 169 is divided by -3 + 111/(-12)*(-20)/5?
33
Let v = 14 + -8. Let i = v - -1. What is the remainder when 27 is divided by i?
6
Let g(v) = 2*v**2 - 5*v + 2. What is the remainder when g(3) is divided by 4?
1
Let r be (2/(-6))/((-2)/42). Suppose 0 = r*g - 4*g - 159. Calculate the remainder when g is divided by 14.
11
Let r = 361 + -180. Calculate the remainder when r is divided by 26.
25
Let k(c) = c**3 + 7*c**2 - 10*c - 6. Let o be k(-8). Suppose 3*f = -5*r + 27, -f - o = -r - 3. Calculate the remainder when 11 is divided by r.
5
Suppose 0 = 2*k - 0*k - 170. What is the remainder when k is divided by 22?
19
Let o be (1 - -1)/(0 - 1). Let s = 28 - 21. What is the remainder when s is divided by 4/o*(-3 + 1)?
3
Let k(c) = c**2 + 9*c - 3. Let p be k(-9). Let r = 8 - p. Let b = 51 - 31. What is the remainder when b is divided by r?
9
Let p be 66/(14/6 + -2). Suppose p = 6*x - 0*x. What is the remainder when x is divided by 9?
6
Let v be ((-4)/1)/((-2)/12). Calculate the remainder when 55 is divided by (v/20)/(6/140).
27
Let p(h) = -2*h**2 + 6. Let r(i) = 